-10 + c. Let v(l) = -l**2 - 9*l + 6. Calculate v(n).
20
Let p(t) be the first derivative of t**5/120 + t**4/6 + 22*t**3/3 + t**2/2 + 58. Let j(g) be the third derivative of p(g). Suppose -2 = 2*d + 8. Determine j(d).
-1
Let l(s) be the third derivative of -s**6/120 - s**2. Suppose 6*f + 15*f = 0. Calculate l(f).
0
Let u = -80 + 76. Let l(j) = 5*j + 5. Calculate l(u).
-15
Let u(a) be the second derivative of a**2 - 2/3*a**3 - 1/12*a**4 + 9*a + 0. Suppose 0 = 5*l + 4*o + 36, 2*l - 5*l + 8 = -5*o. Give u(l).
2
Let x(a) = -5*a - 8. Let n be x(-4). Suppose 2*f = 3*t + 8, -3*f + t - 3*t = -n. Let b(v) = -8*v - v**3 + 0*v - f*v**2 - 4 - 3*v**2. Give b(-6).
8
Suppose -2*n + 1 = -1, -c = -4*n + 6. Let m(i) = i**3 - i**2 + 1. Let g(a) = a**3 - 9*a**2 - a - 3. Let v(p) = c*m(p) + g(p). What is v(-7)?
2
Let y(z) be the first derivative of -z**4/4 + 4*z**3/3 - 5*z**2/2 + 2*z - 96. Let h be 1/(-6) + 43/6. Suppose -3*l = 2*q - h, 4 = -l + 2*l - q. Calculate y(l).
-4
Let u = 2 - 0. Suppose 0 = 3*v - 2*q + 3, 5*v + 1 = u*q - 8. Let d(w) = -w**2 - 4*w + 1. What is d(v)?
4
Let j(b) be the third derivative of -1/20*b**5 - 1/24*b**4 + 0*b + 1/120*b**6 + 0 - 1/2*b**3 - 13*b**2. Determine j(3).
-6
Let f be 53 - (-1 - (3 + -3 + 2)). Let p be 6/(-9) + (-1)/((-12)/f). Let t(w) = -w**3 + 6*w**2 - 6*w + 2. What is t(p)?
10
Let m be (-1)/4 + (-54)/8. Let p(v) = 2*v + 17. Let c(f) = -f - 7. Let s(g) = -c(g) - p(g). Give s(m).
-3
Let l be 2*(-2 - 1)*-1. Suppose 0 = -o + 2*i - 9, 11 = -o + l*o + 4*i. Let x(s) = -2*s**3 + 2*s**2 + s. Give x(o).
3
Let b(n) = 1 - 99*n - 99*n + 197*n - 24*n**2. Calculate b(1).
-24
Let h = 0 + 5. Let m(n) = h - 5*n + 5*n - n. Let s = 1371 + -1376. Give m(s).
10
Let v(x) = 3*x + 44. Let f be v(-14). Suppose 0 = -3*u + 2*g - 13, -f*g - 27 = 2*u + 3*u. Let n(a) = -9*a - 2 + 0 - a**2 + 3*a. Calculate n(u).
3
Let u(i) = i - 13. Let v(x) = x - 14. Let a(g) = 6*u(g) - 5*v(g). Let k be (-4)/1*(1 - 3). What is a(k)?
0
Let c = -39 + 27. Let t(o) = -3*o - 41. Let u be t(c). Let v(p) = -p**3 - 4*p**2 + 4*p + 3. Calculate v(u).
8
Let o(p) = -p**2 + p + 4. Let h(y) = -y - 14. Let d(t) = t**3 - 14*t**2 + 11*t + 12. Let f be d(13). Let g be h(f). Let n be g*2*3/12. What is o(n)?
4
Let i = 27 + -14. Let o(a) = -a**3 + 4*a - 3. Let v be o(3). Let k = v + i. Let n(p) = p + 4. Give n(k).
-1
Let q(v) be the third derivative of -v**4/24 - v**3/6 + 2*v**2. Let f(t) = 3*t + 4. Let s(h) = -2*h - 2. Let z(m) = -3*f(m) - 5*s(m). Let a be z(-4). Give q(a).
5
Let z(o) = o + 8. Let k(s) = -2*s**2 - 9*s - 8. Let l be k(-5). Let u be (-1 + 0)/(l/(-78)). Give z(u).
2
Suppose -5 = 5*m - 15. Let z(r) = 2*r**3 + 2*r - 4*r**2 + 12*r**m - 11*r**2 - 3*r**3 - 2. Let a be z(-4). Let g(d) = -d**3 + 7*d**2 - 6*d + 7. Calculate g(a).
7
Let z(i) = 2*i**3 - 3*i**2 + 2*i - 3. Let p(o) = 4*o - 14. Let g be p(10). Let b be 1*6 + 4/(-2). Suppose -6*k - 2 = -2*k + 2*m, g = 3*k - b*m. Calculate z(k).
5
Let l(w) = -64 + 0*w - 4*w - 29 + 74. Determine l(-7).
9
Suppose 3*n - 13*n + 100 = 0. Let x(t) = -t**2 + 11*t - 2. Determine x(n).
8
Let y(t) = -t**3 - 5*t**2 + t - 1. Let x be 4 - (3 + 4) - 1. Let c be 0 + (0 + x - 1). Determine y(c).
-6
Suppose 7*n - 49 - 14 = 0. Let z(u) = -u**3 + 9*u**2 - u + 1. Determine z(n).
-8
Let d(y) = y**2 + 3*y - 2. Let q = -117 - -132. Suppose -19*o = -q*o + 12. Determine d(o).
-2
Suppose 12 + 6 = 2*g. Suppose 0 = -4*z + g + 7. Let f(b) = b**3 - 4*b**2 + 5*b - 6. Calculate f(z).
14
Let j(k) be the first derivative of -k**3/3 + 3*k - 271. Give j(0).
3
Let o = 40 - 47. Let z(l) = l**3 + 8*l**2 + 6*l - 6. Let c be z(o). Let k(r) = -6*r**2 + r. Determine k(c).
-5
Suppose -11*c - 15 = 2*f - 14*c, 0 = f - 3*c + 12. Let p(k) = 2*k**2 - 2. Calculate p(f).
16
Let a(b) = -b + 0*b + 2*b + 2. Suppose 0 = m + 3*x - 17, 12 = -4*x + 28. Suppose 3 = m*k - 6*k. What is a(k)?
-1
Let b(k) = k**3 - 7*k**2 - 9*k + 6. Let a be 3/(-3) - (-3 + 57)/(-6). What is b(a)?
-2
Suppose 0 = -2*r - h + 2*h + 4, 2*h = 0. Let u(s) = 7*s**2 + 10*s. Let f(p) = -3*p**2 - 5*p. Let j(k) = r*u(k) + 5*f(k). Give j(-3).
6
Suppose 8 = -5*a + a + u, -4*a - u = 16. Let j(y) = y**3 + y**2 - 3*y - 3. Determine j(a).
-12
Let j(b) = -b**3 - 4*b**2 + 5*b + 7. Let y = -16 + 14. Let q be (-42)/9 - y/(-6). Calculate j(q).
7
Let n = -41 - -37. Let r(u) = -u**3 + 1 - 47*u + 52*u - 3*u**2 + 2 + 3. Give r(n).
2
Let x(d) be the second derivative of d**3 + 7*d**2/2 + 41*d. What is x(5)?
37
Let o(b) = b**3 - 1. Let n = -55 - -54. Let d(q) = -6*q**2 - 7*q - 9. Let x(k) = n*d(k) - o(k). Calculate x(7).
10
Let r be 21*2/(-6) + 6. Let t(q) = -6*q - 1. What is t(r)?
5
Suppose -5*l + 3*l = -8. Let v(m) = m**2 + 3*m - 8. Let d(j) = j + 1. Let c(q) = 5*d(q) - v(q). Let h(p) be the first derivative of c(p). Determine h(l).
-6
Let w = 25 + -21. Let i(m) be the first derivative of -m**3/3 + m**2 + 3*m - 4. Determine i(w).
-5
Let z(y) = -y**2 + 12*y - 14. Let b be z(10). Let q(x) = -5*x**2 + 5*x. Let w(h) = -7*h**2 + 5*h - 1. Let i(c) = 3*q(c) - 2*w(c). Give i(b).
-4
Let j be 0/1 - 116/4. Suppose -3*t - 34 + 117 = -2*p, 0 = -3*t - 4*p + 77. Let i = t + j. Let l(u) = 6*u + 2. Calculate l(i).
-10
Let p be (5 + -4 + 0)*-1. Let x(v) = 4*v**2 + 2*v + 1. Give x(p).
3
Let f(i) = -i - 1. Suppose 0 = 4*v - 0*r - r + 3, 12 = 2*v + 4*r. Suppose -2*w + v*w - 2 = 0. What is f(w)?
0
Let l = -462 + 465. Let m(u) = -2*u. Give m(l).
-6
Let u(o) = -o**3 - 8*o**2 - 4*o - 7. Let r be u(-8). Let n = r - 18. Suppose 2 - n = -5*b. Let q(y) = -3*y**3 + y**2. Determine q(b).
-2
Let a(g) be the first derivative of -g**4/4 + 5*g**3/3 + 5*g**2 - 7*g - 26. Give a(7).
-35
Let y(r) = 12*r - 112. Let l be y(9). Let u(a) = -9*a - 5. Give u(l).
31
Let y(s) be the first derivative of -s**2 + 5. Let u = 1 + -6. Calculate y(u).
10
Let j(p) = -4 + 5*p**2 - 3*p**2 + 3*p**2 - 4*p**2. Let v be 1 + ((-3)/(-3) - 0). Suppose 2*u - v + 8 = 0. What is j(u)?
5
Suppose -58 = -18*n + 50. Let z(j) = j - 8. What is z(n)?
-2
Suppose 3*k = 5*a + 17, -3*k + 9*a = 13*a - 8. Let t(q) = q**3 - 3*q**2 + q - 2. Calculate t(k).
18
Let l(p) = p - 4. Let m(t) = -t**2 - 17*t - 35. Let u be m(-15). Let q be 1/u + (-4)/(-20). What is l(q)?
-4
Let o(v) be the first derivative of v**3/3 - 3*v**2 + 1. Let g(i) = -i**3 + 25*i**2 - 60*i + 325. Let z be g(23). Determine o(z).
-9
Let u(n) = -265*n**2 + n**3 - 2*n + 12 + 129*n**2 + 131*n**2. Give u(5).
2
Suppose 0 = -173*l + 164*l - 36. Let b(y) = -6*y + 1. What is b(l)?
25
Let l(k) = 4*k - 4. Let a(m) = m + 7. Let h(g) = -2*g - 11. Let p(t) = 8*a(t) + 5*h(t). Let x be p(-1). Give l(x).
8
Let a(n) = -n**2 + n. Let r(m) = -2*m**2 + 5*m - 1. Let f(c) = 3*a(c) - r(c). Let p(j) = -2*j**2 + 3*j. Let l be p(2). What is f(l)?
1
Let x(r) = -r**2 - 34*r - 193. Let j be x(-7). Let z(a) = 3*a. What is z(j)?
-12
Let w(d) = 14*d**3 + 31*d**3 + 16 + 16*d - 14*d**2 - 79*d**3 + 33*d**3. What is w(-15)?
1
Let n(q) = -2953 - q + 2960 + 2*q. Calculate n(-6).
1
Let r(u) = u**3 - 2*u**2. Let c(z) = -z**3 - 4*z**2 + 9*z - 2. Let w(s) = c(s) + 2*r(s). Calculate w(7).
12
Let i be 12/10*(-10)/(-3). Let l(s) be the first derivative of s**2/2 - 3*s - 62. Calculate l(i).
1
Let s(k) = 2*k - 2. Let p(m) = -m + 1. Let r(y) = p(y) + s(y). Let g(v) = -3*v + 1. Let q = -1 + 2. Let c be g(q). Determine r(c).
-3
Let v(j) be the third derivative of j**6/120 - j**5/10 + j**4/4 + 2*j**3/3 - 60*j**2. Give v(5).
9
Let m(x) = 6*x - 1. Let q be m(-1). Let a be 17/q + (-12)/(-28). Let j(g) = -2*g**2 + 1. Determine j(a).
-7
Suppose 2*i = -0*i + 4. Let l(u) = 2*u**2 - u**2 + 4*u + i*u**2 + 7 - 4*u**2. Let v be (-1 + (-21)/14)*(-3 - -1). Determine l(v).
2
Let b(n) = 12*n. Let q(r) = 273*r + 104. Let k(l) = 13*l + 5. Let t(x) = -104*k(x) + 5*q(x). Let u(f) = 5*b(f) - 6*t(f). Calculate u(-1).
18
Let j(p) = 4*p + 178 - 96 - 93. Give j(2).
-3
Let d(j) = -8*j**2 + 18*j + 8. Let m(k) = -3*k**2 + 6*k + 3. Suppose -h - 3 = -14. Let y(n) = h*m(n) - 4*d(n). Suppose 17 = -5*g - 18. What is y(g)?
-6
Suppose 0*a - 2*a = 9*a. Let c(i) = i**3 - i**2 + i - 12. Calculate c(a).
-12
Suppose -6 = -p - 2. Suppose 3*s = 3, -g - 5*s + 7 + p = 0. Let n(u) = -2*u**2 - 239*u + 9 + 232*u - 1 + u**3 - 3*u**2. Calculate n(g).
2
Let p(q) = q**2 + 10*q + 10. Let z be 2*1 - (1 - -1167). Suppose 3*k - 8 = 5*g, k + 9*g = 14*g + 16. Let y